)/(f/(-10))?
2
What are the prime factors of 504/20*(62/4 - -2)?
3, 7
Suppose -5*q + 1370 = -4*m + 6218, -1225 = -m - 2*q. List the prime factors of m.
1217
Let x(v) = v**3 - 11*v**2 + 35*v - 33. What are the prime factors of x(16)?
13, 139
What are the prime factors of 9/((-720)/(-43270)) + (-1)/(-8)?
541
Let w(a) = a**3 + 32*a**2 - 3*a - 72. List the prime factors of w(-32).
2, 3
Let m(j) = 22. Let z be (-27)/6 + 6/4. Let i(t) = -t - 1. Let r(q) = z*i(q) - m(q). What are the prime factors of r(8)?
5
Let o = 248 + -141. List the prime factors of o.
107
List the prime factors of 32*11/((-22)/(-4)).
2
Let u = 14 - 10. Let h = 141 - 139. Suppose -j + 3*p + 3 - u = 0, -j = -h*p - 1. What are the prime factors of j?
5
Suppose 137*k - 146*k = -25488. What are the prime factors of k?
2, 3, 59
Let z = 96 - 107. What are the prime factors of (-61)/(((-11)/(-4))/z)?
2, 61
Let w = 284 + -197. What are the prime factors of w?
3, 29
Let x(c) = c**2 - 2*c + 2. Let a be x(3). Suppose 0 = -16*o + 30 + 34. List the prime factors of a - o - -31*1.
2
Suppose 2*k = -i + 14, 2*i + 3*k = 18 + 6. Suppose 6*z + 29 = 77. Let v = z + i. List the prime factors of v.
2, 7
Suppose -4*k = -4981 - 2299. Suppose 0 = 5*d - 0*d - k. Suppose -2*w - d = -9*w. List the prime factors of w.
2, 13
Suppose 0 = -0*w - 6*w - 810. List the prime factors of 432/w*(1 - 34/4).
2, 3
Let g = 2 - 7. Let b(k) be the third derivative of -k**6/120 - k**5/12 - k**4/24 - k**3/3 + 20*k**2. What are the prime factors of b(g)?
3
Let z = 92 - 53. Let q = -18 + z. What are the prime factors of q?
3, 7
Let z = 801 - -250. List the prime factors of z.
1051
Let s be 1/(-4) + (-89)/(-4). Let l = s - 16. List the prime factors of (33/l)/((-2)/(-12)).
3, 11
Suppose u = 5*j + 3*u + 67, -5*j - 3*u = 68. Let d = 13 + j. Suppose d = 5*p - p - 84. List the prime factors of p.
3, 7
Suppose 2 = -4*u + 5*o - 3, 0 = u + 3*o - 20. Suppose a = 3*t + 74, 2*t - u = -7. What are the prime factors of a?
71
Let d be 28/(-21)*(-6)/4. Let v = 7 - d. Suppose -v*a + 31 = -4. What are the prime factors of a?
7
Suppose 6*b - 226 - 2972 = 0. List the prime factors of b.
13, 41
Suppose 734 = 4*u - 2*h, -5*u = -3*h - h - 916. List the prime factors of u.
2, 23
Let x(h) = -h**2 + 23*h + 40. Suppose -5*b + 0*b = -90. What are the prime factors of x(b)?
2, 5, 13
Let z(x) = -x**2 - 10*x - 6. Let p(r) = -r**3 + 11*r**2 - 10*r - 4. Let y be p(10). What are the prime factors of z(y)?
2, 3
Let n be (-26223)/(-27) - (1 - 14/18). Suppose -n = -6*w - 239. What are the prime factors of w?
2, 61
Suppose t = -n + 708, t + 1635 = 2*n + 213. List the prime factors of n.
2, 5, 71
Let h(o) = 5*o + 14. Suppose -5*m + 9 = 4*k, 5*k + 18 + 7 = m. Let j be h(k). Let l(b) = b**2 + 6*b + 15. List the prime factors of l(j).
3, 5
Let c(m) = -2*m**2 + 2*m. Let n be c(3). Let p = n + 15. Suppose 0 = -p*i - 2*f + 89, -i + 47 = 4*f + f. What are the prime factors of i?
3
Let g = 5 - 1. Suppose -5*p + 5*d = 11 - 31, -5*p + g*d = -18. Suppose 4*u = 4*t - 168 + 36, p*t = -2*u + 50. List the prime factors of t.
29
Let x = -60 - -168. What are the prime factors of 13260/x + 2/9?
3, 41
Let l(j) = -2*j - 7. Suppose 3*c - 7*c + 16 = 0. Suppose c*v + 28 = -2*g - 0*g, 0 = 4*g - 2*v + 36. List the prime factors of l(g).
13
Let r = 11 - 7. Suppose 0*p - 2*j = -5*p + 25, -23 = -p + r*j. Suppose 27 = c - p*y, -2*c - y = -23 - 24. What are the prime factors of c?
2, 3
Suppose -26 = 5*n - 3*n + 2*g, 2*g = -5*n - 77. Let x = 193 + n. Suppose j - 5*j + x = 0. List the prime factors of j.
2, 11
Suppose -1042*t + 76797 = -1021*t. What are the prime factors of t?
3, 23, 53
Suppose 2*a + 22 - 8 = 0. Let i = a - -15. Suppose i = -5*y + 98. What are the prime factors of y?
2, 3
Let m(n) = -n**3 - 9*n**2 + 9*n - 8. Let c be m(-10). Suppose 0 = w - 4*p - 91, p = -5*w - c*p + 386. What are the prime factors of w?
79
Let z = -23 - -41. Let u = z - 11. Let s = u - 5. List the prime factors of s.
2
Suppose -3*x + 9 = -x - 5*m, 0 = 4*x - 3*m + 17. Let r be 2 + 4*(-2)/x. Suppose 5*p - 30 = -r*b + 2*b, 3*p - 40 = -b. List the prime factors of b.
5, 11
Let t(l) = -2*l**2 + 1. Let a be t(2). Let i = 15 + a. Suppose i*z = 7*z + 27. What are the prime factors of z?
3
Suppose 5*f - 2*f - m = -8, 3*m = 15. List the prime factors of (42/f + 1)/((-29)/58).
2, 41
Let x = -7294 + 11302. List the prime factors of x.
2, 3, 167
What are the prime factors of 467*2 + -11 + 10 - 3?
2, 3, 5, 31
Suppose 18 + 1 = -5*a + z, 3*z - 6 = -2*a. Let l(b) = -6*b - 1. Let t(j) = j**2 + 31*j + 4. Let d(u) = 11*l(u) + 2*t(u). List the prime factors of d(a).
3
Suppose -3*i + 607 = -935. Suppose -3*x = -5*x + i. What are the prime factors of x?
257
Let y = 13 + -39. Suppose 4*n + 155 = -3*a, -5*a = -a - 2*n + 170. Let d = y - a. What are the prime factors of d?
19
Let i be (-6)/((-65)/55 + 1). Suppose 0 = 5*l - i - 137. Suppose n + v - l = 0, 3*v = n - 5*n + 134. What are the prime factors of n?
2
Let c(u) = -36*u - 405. What are the prime factors of c(-42)?
3, 41
Let y(u) = u**2 - 3*u - 2. Let k be y(4). Suppose k*z - 143 - 37 = 0. List the prime factors of z.
2, 3, 5
List the prime factors of (-38835)/(-105) + 1/7.
2, 5, 37
Let h be 4 + (-8)/16*(-4)/(-1). Suppose h*l - 847 = -5*l. What are the prime factors of l?
11
List the prime factors of (-4008)/(-4) + (-88)/(-11).
2, 5, 101
Let j = -26 - -26. Suppose 5*g - 58 - 112 = j. List the prime factors of g.
2, 17
Let m = -26 - -28. Suppose -6*r - m*r = 192. What are the prime factors of 2/(-12)*4*r?
2
Let m(c) = 4*c**2 - 2*c + 1. Let l be m(1). Let z = l + 54. What are the prime factors of z?
3, 19
Suppose -5*z + 155 = r, 2*z - 45 = 2*r + r. Suppose 3*p - 30 = -5*y, -3*p + z = -0*p + y. Let w = p + -4. List the prime factors of w.
2, 3
What are the prime factors of (-83807)/(-215) - 1/(-5)?
2, 3, 5, 13
Suppose -19 = 2*q + 41. What are the prime factors of 4/q + 321/45?
7
Let r(j) = -j. Let h be r(0). What are the prime factors of 5/2*(-4 - (h + -6))?
5
Let h be 1*-49 + (13 - 17). Let r = -25 - h. List the prime factors of r.
2, 7
Suppose 673 = -2*k - 223. List the prime factors of 15/(-3)*-1*k/(-35).
2
Let a = -37 + 15. What are the prime factors of (a/14 + 1)*903/(-6)?
2, 43
Let u be -2*1*(-5 + 3). Suppose u*n + 52 = -2*p, 4*p - 4*n + 9 = -35. Let x = 6 - p. List the prime factors of x.
2, 11
Let y(j) = 23*j**2 - 14*j + 46. What are the prime factors of y(8)?
2, 19, 37
Suppose -3*s - 387 = -4*s. What are the prime factors of s?
3, 43
Let k(w) = -w**2 + 12*w - 12. Let g = 30 - 19. Let y be k(g). Let x(d) = 29*d**2. What are the prime factors of x(y)?
29
Let w(f) = 2*f - 8. Let o = 23 + -20. Let x be o/(-4) - (-350)/40. What are the prime factors of w(x)?
2
Suppose -16*j + 18*j = 126. Suppose -2*u - q + j = 0, -4*u - 3*q = -8*q - 147. What are the prime factors of u?
3, 11
List the prime factors of -3453*(-9)/(-54)*-2.
1151
Let a(q) = -29*q**3 - q**2. Suppose 6 = d + 4. Let w be (d + 0)/2 - 2. What are the prime factors of a(w)?
2, 7
Suppose 4*q + 1662 = 5*r, 3*r - 197 = 3*q + 802. Suppose -3*g + 8*g - r = 0. List the prime factors of g.
2, 3, 11
Let q(s) = -35*s + 16. Let h(g) = 17*g - 8. Let p(b) = 9*h(b) + 4*q(b). What are the prime factors of p(4)?
2, 11
Let y(b) = b**3 - 4*b + 1. Let p(t) be the first derivative of t**2 + 17*t + 6. Let d be p(-7). What are the prime factors of y(d)?
2
Suppose -w - 2*w - 4*a + 156 = 0, 3*w = -a + 165. Let s = 97 - w. List the prime factors of s.
41
List the prime factors of (-6 + (-192)/(-30))/(2/19150).
2, 5, 383
Suppose -4*p = -3*p. Suppose p = 3*k + 87 - 294. What are the prime factors of k?
3, 23
Let q = 3864 - 1605. List the prime factors of q.
3, 251
Suppose 0 = 3*a - m - 955, 5*a + 300 = 6*a - 4*m. List the prime factors of a.
2, 5
Let l(j) = -j - 5. Let y be l(-6). Let r = 2 - y. List the prime factors of (6/(-9))/(r/(-9)).
2, 3
Suppose -41 - 13 = -2*t. Suppose t = -3*u + 6*u. Let a = u + -5. List the prime factors of a.
2
Let b(d) = -174*d + 14. What are the prime factors of b(-2)?
2, 181
Suppose -9049 = -5*u + 19466. List the prime factors of u.
3, 1901
Let q = 95 - 48. Let j(c) = -c**3 + 7*c**2 - 2*c + 2. Let l be j(6). Let n = q - l. What are the prime factors of n?
3, 7
Suppose -9 = -2*r - 5*p + 7, 4*r = -3*p + 60. Suppose 